- m = 4*l - 56, -5*l + 2*m + 52 = 0. Suppose -o = -4*x + l, 2*o + 12 = 2*x + 3*x. List the prime factors of ((-72)/(-32))/(1/x).
3
Suppose -4*r + 2*j + 16 = 0, 3*j = -4*r + 9 - 3. Suppose d - r*d + 18 = 0. List the prime factors of d.
3
Let y(f) = -f**3 - 2*f**2 - 2*f - 1. Let m be y(-2). Let p be 0 + (m + -4 - -3). Suppose -p = -3*r + 7. List the prime factors of r.
3
Suppose -5*j - 3*y + 84 = y, 0 = -2*y - 8. List the prime factors of j.
2, 5
Suppose -2*x = -x - 6. List the prime factors of x.
2, 3
Let l(c) = 4*c**2 - c + 1. Let f be l(2). Suppose -5*b - t + 68 = 0, 4*b - t = 34 + f. Let u = b - 8. What are the prime factors of u?
5
Let o = -66 + -123. What are the prime factors of o/(-15) - (-2)/5?
13
Let z = 23 + -18. List the prime factors of z.
5
Suppose -19 = -8*x + 13. List the prime factors of x.
2
Suppose 0*v = -4*v - 36. Let l = v - -17. What are the prime factors of l?
2
Suppose -2*y = 0, -5*q + 0*y + 20 = 3*y. Suppose 0 = 2*r - 2, 5*d = 4*d + q*r - 2. What are the prime factors of (10/(-15))/(d/(-36))?
2, 3
Suppose -2*m + 0*w - 5*w - 13 = 0, 3*m = w + 23. Let o(g) = 2*g - 4. What are the prime factors of o(m)?
2
Let s(w) = 24*w + 34. List the prime factors of s(14).
2, 5, 37
Let u = 44 + -34. Suppose 0 = 4*f - 2*f + 4. What are the prime factors of 2*u/(-8)*f?
5
Let h(m) = -m**2 - 7*m - 4. Let y be h(-6). Suppose 2*r = -y*r. Let o = 7 - r. What are the prime factors of o?
7
Suppose -31 = -a - x, a + 4*x = -10 + 53. What are the prime factors of a?
3
Suppose 0*s = -2*s + 5*a, -3*s - 4*a = 23. Let f = 9 + s. List the prime factors of f.
2
Let z(q) = q**3 + 7*q**2 + 7*q + 6. Let g be z(-6). Suppose 4*n - 104 = 5*k, 3*k + g*n + 2*n + 58 = 0. Let y = -10 - k. What are the prime factors of y?
2, 5
Suppose 0 = -2*j - 3*g - 11, -2*g = 3*g + 5. Let l = j - 4. Let f = l - -22. List the prime factors of f.
2, 7
Let n(w) = -w + 1. Let m be n(-4). Suppose 0 = s + 3*c - 5, -58 + 5 = -m*s - c. What are the prime factors of s?
11
Suppose 3*p - 1546 = p. Suppose -p + 243 = 5*c. What are the prime factors of c/(-10) + (-4)/(-10)?
11
Suppose -3*v + 0*v + 2*h + 17 = 0, -11 = -2*v + h. Suppose -c = -4*c. Suppose c*b - v = -b. List the prime factors of b.
5
Suppose -5*b + 4 = -2*k, -1 = 5*k - 2*b + 9. Let u be (4 - 3) + (-8 - k). List the prime factors of 32/6 - u/(-15).
5
Let f(h) = h + 47. Let m be f(0). Suppose -2*s - 13 = -m. List the prime factors of s.
17
Let q(w) = -127*w + 1. Let y be q(-1). Suppose 0 = 3*v + 32 - y. What are the prime factors of v?
2
Let i = 138 + -84. List the prime factors of i.
2, 3
List the prime factors of ((-5)/(40/(-16)))/(2/4).
2
Suppose 3*c = 3*l - 4 - 2, 0 = -3*c - l + 2. Let d be (c + (0 - 1))*-5. Suppose -k - 20 = -3*r + 8, 3*r + d*k = 22. What are the prime factors of r?
3
Suppose 0 = 5*c + 16 - 86. Suppose 0 = 4*r - 2*m - 16, 3*r - c - 1 = 3*m. Suppose 0 = -4*v + 12, r*v - 5 - 24 = -4*t. List the prime factors of t.
5
Suppose -4*m - b - 2*b + 90 = 0, -19 = -m + b. What are the prime factors of m?
3, 7
Suppose 12 = 5*r - 28. Suppose 2*y - 3*c = 2 - 3, -r = y - 3*c. What are the prime factors of y?
7
What are the prime factors of (-1)/(0 + 1/(-7))?
7
Let w be 4/6 + 58/(-6). Let r = w + 18. Let z = r - 6. What are the prime factors of z?
3
Let o(x) = -x**3 - 8*x**2 - 6*x + 6. Let f be o(-5). Let a be 22/5*(6 + -11). Let p = a - f. List the prime factors of p.
17
Suppose -2*t = -1 - 5. Let f be t/2*(1 + 9). List the prime factors of 130/f + (-1)/(-3).
3
Suppose 2*q - 21 = 2*m - 5*m, -m + 3*q = -18. Suppose -5*z + m = -2*z. Suppose z*x + 7 = 52. List the prime factors of x.
3, 5
Suppose 2*d - 3*h = 261, d = -d + h + 267. What are the prime factors of d?
3, 5
Suppose 4*w + 43 = w - m, 3*w - 5*m + 19 = 0. Let c = 22 + w. List the prime factors of c.
3
Let t(c) = 9 + c + c**2 + 5*c + 6 - 7. Let u(r) = r**3 - 6*r**2 - r. Let y be u(6). List the prime factors of t(y).
2
Let w(p) be the first derivative of -p**4/4 - 3*p**3 + 4*p**2 - 11*p + 4. List the prime factors of w(-10).
3
Let p(u) = 0*u + 6*u - 3*u + 3*u**2 - u**2 + 1. List the prime factors of p(-4).
3, 7
Suppose 5*h + 22 = 7*h. What are the prime factors of h?
11
Suppose 14 = -f - 2*j + j, 0 = -5*j + 10. Let u = f + 29. List the prime factors of u.
13
Let b be ((-4)/(-14))/((-7)/(-49)). Let l be b/12 - (-46)/12. Suppose -2*h + 28 = -l*f - 0*f, 2*h + 3*f - 7 = 0. What are the prime factors of h?
2
Let u(t) = -t. Let q be u(-3). Suppose 0 = -0*y - y + q. Suppose 5*d = -5*z - 10, 5*z = y*d + 2 + 20. List the prime factors of z.
2
Let q = -7 + 5. What are the prime factors of (-2)/(4*q/60)?
3, 5
Let h = -83 - -193. Suppose i = -4*i + h. What are the prime factors of i?
2, 11
Let w be 1 - 9 - 1/1. Let l(s) = s**2 + 7*s - 13. List the prime factors of l(w).
5
Suppose -22 = -j - 3*j + 2*s, -2*j - 4 = 2*s. Suppose 7*c + 2*w = j*c - 2, 3*c + 3 = -3*w. List the prime factors of c + -34*3/(-6).
17
Let y(i) = -15*i - 1. Let o be y(-4). Suppose -5*h + o = -2*j, -j = 4*h + 1 - 56. List the prime factors of h.
13
Let t(k) = 3*k - 3*k**2 + 2*k**2 + 3*k + 1 - 7. Let o be t(4). Suppose o*z - 42 = -4*v, 14 = 3*v + z - 20. List the prime factors of v.
13
Let s = -6 - -96. List the prime factors of s.
2, 3, 5
Let s(a) = -9*a + 19. What are the prime factors of s(-10)?
109
Suppose -6*b + 4*b = -52. List the prime factors of b.
2, 13
Suppose 0 = t - 2*t. Suppose t = -0*j - 3*j - 27. Let h = -6 - j. List the prime factors of h.
3
Let u be 0 + (1 - -7 - 3). Let k = -6 - -8. Suppose -k*m - 6 = -2*i + 32, -u*m = -i + 39. List the prime factors of i.
2, 7
What are the prime factors of 3 - (-2)/2 - -17?
3, 7
Let o be (-2)/7 - (-23)/7. Suppose -2*w = o*w - 25, 4*w = -d + 26. What are the prime factors of d?
2, 3
Suppose -9*x + 70 = -1586. List the prime factors of x.
2, 23
Let r be 282/(-12)*(-1 - 1). Suppose 2*t = -4*i + 6, 3*t - 4 - 11 = -3*i. Suppose -t*g + 2*g - 3*m + r = 0, -2*g + m + 10 = 0. What are the prime factors of g?
7
Let f(r) = -r**2 - 7*r - 1. Let c(i) = i**2 - 4*i - 2. Let s be c(3). Let p be f(s). Let v = p + -1. List the prime factors of v.
2
Suppose w = 2*w - 21. Let d = -33 - -21. Let q = w + d. What are the prime factors of q?
3
Let c = 13 - 19. What are the prime factors of (2/3)/(c/(-171))?
19
Let j(u) = 32*u**2 + 1. Let q be j(-1). Let l = -14 + q. What are the prime factors of l?
19
Let p = -9 - -15. Let n(b) = 3*b + 4. What are the prime factors of n(p)?
2, 11
Let k = 96 + -22. What are the prime factors of k?
2, 37
Suppose -96 = 2*j - 4*j. Suppose 0 = -2*h - 0*h + j. Suppose -3*x = -y - h, 5*x + 4*y - 30 = 3*x. List the prime factors of x.
3
Suppose -3 + 0 = h. What are the prime factors of h/9 + 57/9?
2, 3
Suppose -13 = 2*p - 1. What are the prime factors of p/(-4)*-1*-16?
2, 3
Let f = -22 + 36. What are the prime factors of f?
2, 7
Suppose h + 4*h + 40 = 0. Let j be -16 - (-4)/(12/9). Let n = h - j. What are the prime factors of n?
5
Suppose -4*k = -30 - 6. Let r = k + -7. What are the prime factors of r?
2
Let w be -1*(-75 - (-1 + -1)). Let s = w - 51. Let m = s + -15. List the prime factors of m.
7
Let c = -4 - -6. Suppose c*j - j = 7. List the prime factors of j.
7
Suppose -4*i + 2*q - 4*q + 16 = 0, 4*i - 4*q - 16 = 0. Suppose -i*o + 22 = -2*o. List the prime factors of o.
11
Let v be (-4)/(-6)*(-9)/(-2). Suppose 40 = v*k + k. What are the prime factors of k?
2, 5
Let f = -58 - -86. What are the prime factors of f?
2, 7
What are the prime factors of 70/(-21)*21/(-2)?
5, 7
Suppose -2*d + 3*z + 685 - 34 = 0, -5*z - 15 = 0. What are the prime factors of d?
3, 107
Suppose 0*r - 3*r = 0. Suppose r*j = -3*j. List the prime factors of 4/6*(6 + j).
2
Suppose 54 = f - 39. List the prime factors of f.
3, 31
Let o(r) = 17*r**3 - r**2 + 3*r + 1. Let f be o(3). List the prime factors of f/16 - 5/(-20).
29
Let o(y) = -y**2 - 6*y + 5. Let k be o(-6). Suppose 3*d + k*s - 220 = 0, 5*d - s - 404 = -0*s. Suppose -2*h = -7*h + d. What are the prime factors of h?
2
Let n = -25 + 43. List the prime factors of n/(-3)*(-5)/2.
3, 5
Let l(y) = 3*y**2 - 19*y + 12. Let p be l(6). Suppose -3*w + 41 = -5*w - x, -2*x = 2. What are the prime factors of p/2 + w/(-5)?
7
List the prime factors of (-3)/(-2)*(-3 - -7).
2, 3
Let u(w) = -2 + w**2 - w + w + w. Let g be u(2). List the prime factor